e 5) to base 11
-3
What is -98 (base 14) in base 7?
-251
What is 1011 (base 2) in base 8?
13
102 (base 15) to base 5
1402
Convert 12 (base 16) to base 13.
15
Convert a (base 16) to base 9.
11
Convert -102 (base 5) to base 4.
-123
What is 1000011 (base 2) in base 12?
57
Convert -111010 (base 2) to base 11.
-53
Convert 14 (base 8) to base 16.
c
Convert -3 (base 4) to base 15.
-3
-112 (base 10) to base 12
-94
What is 110 (base 3) in base 5?
22
32 (base 12) to base 6
102
Convert 1 (base 2) to base 11.
1
-3 (base 6) to base 8
-3
-1231 (base 5) to base 15
-cb
What is -3 (base 10) in base 11?
-3
-3 (base 6) to base 9
-3
-1 (base 16) to base 2
-1
Convert -18 (base 13) to base 12.
-19
Convert 0 (base 12) to base 11.
0
Convert -ac (base 16) to base 13.
-103
5 (base 8) to base 6
5
212 (base 5) to base 14
41
What is 122 (base 8) in base 7?
145
Convert -7 (base 15) to base 13.
-7
-2 (base 12) to base 10
-2
11 (base 2) to base 3
10
1 (base 9) to base 12
1
Convert 4 (base 10) to base 3.
11
What is -61 (base 10) in base 15?
-41
What is -300 (base 8) in base 10?
-192
Convert -1 (base 15) to base 14.
-1
Convert 50 (base 16) to base 13.
62
What is -132 (base 6) in base 12?
-48
Convert -20 (base 8) to base 13.
-13
Convert 126 (base 14) to base 13.
149
0 (base 3) to base 10
0
2 (base 10) to base 12
2
What is -2 (base 10) in base 5?
-2
255 (base 7) to base 4
2022
What is 37 (base 10) in base 3?
1101
What is -12 (base 3) in base 11?
-5
-10 (base 3) to base 12
-3
0 (base 7) to base 6
0
What is 400 (base 5) in base 16?
64
What is 7 (base 10) in base 2?
111
What is 31 (base 6) in base 14?
15
25 (base 14) to base 13
27
Convert 204 (base 6) to base 4.
1030
-54 (base 8) to base 11
-40
What is 14 (base 6) in base 14?
a
What is -12 (base 4) in base 8?
-6
-27 (base 8) to base 12
-1b
-3 (base 4) to base 12
-3
-30 (base 6) to base 4
-102
Convert 67 (base 10) to base 11.
61
Convert -11 (base 16) to base 10.
-17
23 (base 6) to base 16
f
Convert -20 (base 6) to base 3.
-110
What is -6 (base 10) in base 3?
-20
What is 11 (base 4) in base 13?
5
Convert -13 (base 6) to base 12.
-9
What is -34 (base 14) in base 11?
-42
Convert 1 (base 8) to base 13.
1
What is 1a0 (base 14) in base 4?
11100
Convert 4b (base 16) to base 5.
300
2 (base 14) to base 11
2
Convert 55 (base 6) to base 14.
27
2 (base 15) to base 13
2
What is 3 (base 6) in base 5?
3
What is -16 (base 8) in base 3?
-112
What is -28 (base 16) in base 7?
-55
What is 65 (base 7) in base 13?
38
-5 (base 7) to base 5
-10
What is 18 (base 10) in base 9?
20
12 (base 14) to base 4
100
Convert 99 (base 14) to base 2.
10000111
What is 19d (base 14) in base 11?
285
9 (base 16) to base 12
9
What is 3 (base 15) in base 13?
3
What is -14 (base 10) in base 8?
-16
What is 33 (base 6) in base 15?
16
1 (base 14) to base 10
1
Convert -1 (base 8) to base 14.
-1
What is 22 (base 7) in base 6?
24
Convert 2a (base 15) to base 11.
37
What is 3 (base 14) in base 9?
3
Convert 202 (base 4) to base 7.
46
What is 214 (base 13) in base 15?
18a
Convert 0 (base 16) to base 6.
0
-1c (base 16) to base 4
-130
Convert -87 (base 9) to base 10.
-79
0 (base 14) to base 9
0
-164 (base 14) to base 5
-2114
Convert d6 (base 14) to base 16.
bc
0 (base 12) to base 10
0
-254 (base 8) to base 15
-b7
What is 0 (base 7) in base 6?
0
Convert 3 (base 15) to base 2.
11
-26 (base 9) to base 15
-19
What is 3 (base 4) in base 8?
3
-1 (base 9) to base 16
-1
Convert -11011 (base 3) to base 13.
-88
Convert -16 (base 14) to base 11.
-19
Convert -10 (base 2) to base 14.
-2
Convert 33 (base 13) to base 2.
101010
What is -41 (base 9) in base 6?
-101
What is -c (base 13) in base 15?
-c
Convert -7 (base 16) to base 4.
-13
1 (base 11) to base 8
1
230 (base 7) to base 6
315
1010 (base 5) to base 9
154
-1 (base 6) to base 11
-1
53 (base 16) to base 2
1010011
Convert -3 (base 5) to base 8.
-3
What is 7 (base 16) in base 5?
12
What is 167 (base 11) in base 10?
194
Convert -63 (base 9) to base 2.
-111001
-5a (base 12) to base 16
-46
fa (base 16) to base 5
2000
Convert -67 (base 13) to base 11.
-78
Convert -606 (base 7) to base 16.
-12c
Convert -212 (base 4) to base 14.
-2a
What is 71 (base 8) in base 5?
212
What is 1 (base 8) in base 11?
1
What is -11 (base 9) in base 10?
-10
Convert -24 (base 11) to base 3.
-222
Convert -14 (base 6) to base 5.
-20
What is 2102 (base 3) in base 7?
122
Convert 10 (base 5) to base 2.
101
What is -10 (base 3) in base 14?
-3
-4 (base 11) to base 2
-100
What is -10111 (base 2) in base 15?
-18
What is -110001 (base 2) in base 13?
-3a
What is 3 (base 14) in base 6?
3
-11 (base 8) to base 16
-9
What is -7b (base 12) in base 15?
-65
What is -44 (base 5) in base 14?
-1a
-5 (base 13) to base 15
-5
What is 2 (base 3) in base 16?
2
202 (base 4) to base 13
28
1202 (base 4) to base 14
70
Convert 1 (base 11) to base 13.
1
What is a (base 16) in base 2?
1010
Convert -3 (base 4) to base 12.
-3
What is 4 (base 14) in base 3?
11
What is -34 (base 6) in base 11?
-20
What is 75 (base 16) in base 5?
432
Convert 76 (base 16) to base 9.
141
Convert 97 (base 15) to base 6.
354
-11 (base 6) to base 14
-7
Convert -2 (base 12) to base 14.
-2
-11 (base 7) to base 6
-12
Convert 2202 (base 3) to base 16.
4a
3031 (base 4) to base 8
315
What is a7 (base 14) in base 11?
124
20 (base 8) to base 16
10
Convert 3 (base 11) to base 4.
3
What is -1010 (base 6) in base 16?
-de
What is 5 (base 9) in base 2?
101
111010 (base 2) to base 14
42
What is 2212 (base 3) in base 12?
65
Convert -b (base 14) to base 13.
-b
Convert -c7 (base 15) to base 5.
-1222
-63 (base 11) to base 8
-105
-101000 (base 3) to base 2
-100001110
Convert -33 (base 6) to base 2.
-10101
-103 (base 4) to base 12
-17
What is 10 (base 6) in base 13?
6
39 (base 14) to base 6
123
What is 15 (base 10) in base 3?
120
What is 8 (base 14) in base 9?
8
What is 68 (base 12) in base 15?
55
-11 (base 2) to base 11
-3
-2 (base 14) to base 15
-2
Convert 32 (base 5) to base 14.
13
-10 (base 9) to base 13
-9
Convert 0 (base 13) to base 8.
0
What is 9 (base 14) in base 3?
100
Convert -2 (base 10) to base 15.
-2
Convert 5 (base 15) to base 6.
5
Convert 10111011 (base 2) to base 5.
1222
33 (base 16) to base 5
201
Convert 64 (base 7) to base 9.
51
What is 8 (base 14) in base 5?
13
-122 (base 3) to base 8
-21
Convert 5 (base 14) to base 6.
5
What is -7 (base 13) in base 9?
-7
-265 (base 12) to base 7
-1031
1022 (base 3) to base 10
35
What is -3 (base 12) in base 7?
-3
What is 0 (base 10) in base 12?
0
Convert -8 (base 12) to base 4.
-20
3 (base 8) to base 2
11
Convert 2 (base 11) to base 4.
2
-2 (base 13) to base 9
-2
Convert 10 (base 8) to base 3.
22
0 (base 13) to base 5
0
What is 31 (base 5) in base 13?
13
Convert -134 (base 8) to base 5.
-332
What is 1 (base 11) in base 15?
1
Convert -213 (base 4) to base 5.
-124
Convert -2 (base 3) to base 10.
-2
Convert -16 (base 14) to base 13.
-17
What is -40 (base 15) in base 13?
-48
What is -40 (base 5) in base 7?
-26
What is 36 (base 11) in base 12?
33
4 (base 13) to base 9
4
Convert 131 (base 7) to base 13.
56
-5 (base 15) to base 16
-5
-45 (base 11) to base 8
-61
Convert -1011 (base 2) to base 12.
-b
What is -1010 (base 2) in base 11?
-a
Convert -100100 (base 2) to base 12.
-30
-4 (base 9) to base 7
-4
What is -125 (base 6) in base 11?
-49
Convert 46 (base 12) to base 4.
312
Convert 101010 (base 2) to base 8.
52
2 (base 7) to base 16
2
What is -4 (base 10) in base 7?
-4
34 (base 7) to base 4
121
Convert 20 (base 11) to base 9.
24
What is 12 (base 9) in base 5?
21
Convert 13 (base 9) to base 15.
c
Convert 14 (base 9) to base 10.
13
-2 (base 7) to base 15
-2
What is -14 (base 16) in base 13?
-17
Convert 1 (base 6) to base 10.
1
Convert -7 (base 9) to base 5.
-12
Convert 455 (base 6) to base 14.
cb
What is 1 (base 6) in base 4?
1
What is -10 (base 3) in base 7?
-3
10 (base 15) to base 10
15
What is 181 (base 11) in base 16?
d2
-2 (base 14) to base 10
-2
-3 (base 12) to base 13
-3
-51 (base 6) to base 16
-1f
-2340 (base 5) to base 6
-1333
Convert 1000 (base 2) to base 9.
8
What is 11210 (base 3) in base 8?
201
What is 51 (base 11) in base 12?
48
Convert 4 (base 5) to base 9.
4
Convert 21 (base 10) to base 4.
111
What is 10 (base 2) in base 12?
2
What is 105 (base 9) in base 11?
79
Convert -5 (base 11) to base 2.